{"id":1295,"date":"2021-01-10T17:03:53","date_gmt":"2021-01-10T17:03:53","guid":{"rendered":"http:\/\/losapostoles.org\/wordpress\/?page_id=1295"},"modified":"2021-01-10T17:32:10","modified_gmt":"2021-01-10T17:32:10","slug":"viernessanto","status":"publish","type":"page","link":"https:\/\/losapostoles.org\/index.php\/semana-santa\/viernessanto\/","title":{"rendered":"Viernes Santo"},"content":{"rendered":"\t\t<div data-elementor-type=\"wp-page\" data-elementor-id=\"1295\" class=\"elementor elementor-1295\" data-elementor-post-type=\"page\">\n\t\t\t\t\t\t<section class=\"elementor-section elementor-top-section elementor-element elementor-element-96aa61e elementor-section-boxed elementor-section-height-default elementor-section-height-default\" data-id=\"96aa61e\" data-element_type=\"section\" data-e-type=\"section\">\n\t\t\t\t\t\t<div class=\"elementor-container elementor-column-gap-default\">\n\t\t\t\t\t<div class=\"elementor-column elementor-col-100 elementor-top-column elementor-element elementor-element-cfb8ede\" data-id=\"cfb8ede\" data-element_type=\"column\" data-e-type=\"column\">\n\t\t\t<div class=\"elementor-widget-wrap elementor-element-populated\">\n\t\t\t\t\t\t<div class=\"elementor-element elementor-element-4f4ad22 elementor-widget elementor-widget-heading\" data-id=\"4f4ad22\" data-element_type=\"widget\" data-e-type=\"widget\" data-widget_type=\"heading.default\">\n\t\t\t\t<div class=\"elementor-widget-container\">\n\t\t\t\t\t<h2 class=\"elementor-heading-title elementor-size-default\">Viernes Santo - Los Ap\u00f3stoles desfilan tras el Maestro<\/h2>\t\t\t\t<\/div>\n\t\t\t\t<\/div>\n\t\t\t\t\t<\/div>\n\t\t<\/div>\n\t\t\t\t\t<\/div>\n\t\t<\/section>\n\t\t\t\t<section class=\"elementor-section elementor-top-section elementor-element elementor-element-a4d90b7 elementor-section-boxed elementor-section-height-default elementor-section-height-default\" data-id=\"a4d90b7\" data-element_type=\"section\" data-e-type=\"section\">\n\t\t\t\t\t\t<div class=\"elementor-container elementor-column-gap-default\">\n\t\t\t\t\t<div class=\"elementor-column elementor-col-100 elementor-top-column elementor-element elementor-element-4951b7a\" data-id=\"4951b7a\" data-element_type=\"column\" data-e-type=\"column\">\n\t\t\t<div class=\"elementor-widget-wrap elementor-element-populated\">\n\t\t\t\t\t\t<div class=\"elementor-element elementor-element-3b16c1a elementor-skin-carousel elementor-arrows-yes elementor-pagination-type-bullets elementor-pagination-position-outside elementor-widget elementor-widget-media-carousel\" data-id=\"3b16c1a\" data-element_type=\"widget\" data-e-type=\"widget\" data-settings=\"{&quot;slides_per_view&quot;:&quot;1&quot;,&quot;skin&quot;:&quot;carousel&quot;,&quot;effect&quot;:&quot;slide&quot;,&quot;show_arrows&quot;:&quot;yes&quot;,&quot;pagination&quot;:&quot;bullets&quot;,&quot;speed&quot;:500,&quot;autoplay&quot;:&quot;yes&quot;,&quot;autoplay_speed&quot;:5000,&quot;loop&quot;:&quot;yes&quot;,&quot;pause_on_hover&quot;:&quot;yes&quot;,&quot;pause_on_interaction&quot;:&quot;yes&quot;,&quot;space_between&quot;:{&quot;unit&quot;:&quot;px&quot;,&quot;size&quot;:10,&quot;sizes&quot;:[]},&quot;space_between_tablet&quot;:{&quot;unit&quot;:&quot;px&quot;,&quot;size&quot;:10,&quot;sizes&quot;:[]},&quot;space_between_mobile&quot;:{&quot;unit&quot;:&quot;px&quot;,&quot;size&quot;:10,&quot;sizes&quot;:[]}}\" data-widget_type=\"media-carousel.default\">\n\t\t\t\t<div class=\"elementor-widget-container\">\n\t\t\t\t\t\t\t\t\t<div class=\"elementor-swiper\">\n\t\t\t\t\t<div class=\"elementor-main-swiper swiper\" role=\"region\" aria-roledescription=\"carousel\" aria-label=\"Slides\">\n\t\t\t\t<div class=\"swiper-wrapper\">\n\t\t\t\t\t\t\t\t\t\t\t<div class=\"swiper-slide\" role=\"group\" aria-roledescription=\"slide\">\n\t\t\t\t\t\t\t\t\t<div class=\"elementor-carousel-image\" role=\"img\" aria-label=\"20160410131255\" style=\"background-image: url(&#039;https:\/\/losapostoles.org\/wp-content\/uploads\/2021\/01\/20160410131255-768x512.jpg&#039;)\">\n\n\t\t\t\n\t\t\t\t\t<\/div>\n\t\t\t\t\t\t\t\t<\/div>\n\t\t\t\t\t\t\t\t\t\t\t<div class=\"swiper-slide\" role=\"group\" aria-roledescription=\"slide\">\n\t\t\t\t\t\t\t\t\t<div class=\"elementor-carousel-image\" role=\"img\" aria-label=\"20160410131309\" style=\"background-image: url(&#039;https:\/\/losapostoles.org\/wp-content\/uploads\/2021\/01\/20160410131309.jpg&#039;)\">\n\n\t\t\t\n\t\t\t\t\t<\/div>\n\t\t\t\t\t\t\t\t<\/div>\n\t\t\t\t\t\t\t\t\t\t\t<div class=\"swiper-slide\" role=\"group\" aria-roledescription=\"slide\">\n\t\t\t\t\t\t\t\t\t<div class=\"elementor-carousel-image\" role=\"img\" aria-label=\"20160410130806\" style=\"background-image: url(&#039;https:\/\/losapostoles.org\/wp-content\/uploads\/2021\/01\/20160410130806-768x576.jpg&#039;)\">\n\n\t\t\t\n\t\t\t\t\t<\/div>\n\t\t\t\t\t\t\t\t<\/div>\n\t\t\t\t\t\t\t\t\t\t\t<div class=\"swiper-slide\" role=\"group\" aria-roledescription=\"slide\">\n\t\t\t\t\t\t\t\t\t<div class=\"elementor-carousel-image\" role=\"img\" aria-label=\"20160410130503\" style=\"background-image: url(&#039;https:\/\/losapostoles.org\/wp-content\/uploads\/2021\/01\/20160410130503-768x576.jpg&#039;)\">\n\n\t\t\t\n\t\t\t\t\t<\/div>\n\t\t\t\t\t\t\t\t<\/div>\n\t\t\t\t\t\t\t\t\t\t\t<div class=\"swiper-slide\" role=\"group\" aria-roledescription=\"slide\">\n\t\t\t\t\t\t\t\t\t<div class=\"elementor-carousel-image\" role=\"img\" aria-label=\"Image00028\" style=\"background-image: url(&#039;https:\/\/losapostoles.org\/wp-content\/uploads\/2021\/01\/Image00028-768x437.jpg&#039;)\">\n\n\t\t\t\n\t\t\t\t\t<\/div>\n\t\t\t\t\t\t\t\t<\/div>\n\t\t\t\t\t\t\t\t\t\t\t<div class=\"swiper-slide\" role=\"group\" aria-roledescription=\"slide\">\n\t\t\t\t\t\t\t\t\t<div class=\"elementor-carousel-image\" role=\"img\" aria-label=\"Image00047\" style=\"background-image: url(&#039;https:\/\/losapostoles.org\/wp-content\/uploads\/2021\/01\/Image00047-768x579.jpg&#039;)\">\n\n\t\t\t\n\t\t\t\t\t<\/div>\n\t\t\t\t\t\t\t\t<\/div>\n\t\t\t\t\t\t\t\t\t\t\t<div class=\"swiper-slide\" role=\"group\" aria-roledescription=\"slide\">\n\t\t\t\t\t\t\t\t\t<div class=\"elementor-carousel-image\" role=\"img\" aria-label=\"Image00009\" style=\"background-image: url(&#039;https:\/\/losapostoles.org\/wp-content\/uploads\/2021\/01\/Image00009-1-768x439.jpg&#039;)\">\n\n\t\t\t\n\t\t\t\t\t<\/div>\n\t\t\t\t\t\t\t\t<\/div>\n\t\t\t\t\t\t\t\t\t\t\t<div class=\"swiper-slide\" role=\"group\" aria-roledescription=\"slide\">\n\t\t\t\t\t\t\t\t\t<div class=\"elementor-carousel-image\" role=\"img\" aria-label=\"Image00003\" style=\"background-image: url(&#039;https:\/\/losapostoles.org\/wp-content\/uploads\/2021\/01\/Image00003.jpg&#039;)\">\n\n\t\t\t\n\t\t\t\t\t<\/div>\n\t\t\t\t\t\t\t\t<\/div>\n\t\t\t\t\t\t\t\t\t\t\t<div class=\"swiper-slide\" role=\"group\" aria-roledescription=\"slide\">\n\t\t\t\t\t\t\t\t\t<div class=\"elementor-carousel-image\" role=\"img\" aria-label=\"Image00050\" style=\"background-image: url(&#039;https:\/\/losapostoles.org\/wp-content\/uploads\/2021\/01\/Image00050.jpg&#039;)\">\n\n\t\t\t\n\t\t\t\t\t<\/div>\n\t\t\t\t\t\t\t\t<\/div>\n\t\t\t\t\t\t\t\t\t\t\t<div class=\"swiper-slide\" role=\"group\" aria-roledescription=\"slide\">\n\t\t\t\t\t\t\t\t\t<div class=\"elementor-carousel-image\" role=\"img\" aria-label=\"Image00054\" style=\"background-image: url(&#039;https:\/\/losapostoles.org\/wp-content\/uploads\/2021\/01\/Image00054.jpg&#039;)\">\n\n\t\t\t\n\t\t\t\t\t<\/div>\n\t\t\t\t\t\t\t\t<\/div>\n\t\t\t\t\t\t\t\t\t\t\t<div class=\"swiper-slide\" role=\"group\" aria-roledescription=\"slide\">\n\t\t\t\t\t\t\t\t\t<div class=\"elementor-carousel-image\" role=\"img\" aria-label=\"Image00053\" style=\"background-image: url(&#039;https:\/\/losapostoles.org\/wp-content\/uploads\/2021\/01\/Image00053.jpg&#039;)\">\n\n\t\t\t\n\t\t\t\t\t<\/div>\n\t\t\t\t\t\t\t\t<\/div>\n\t\t\t\t\t\t\t\t\t\t\t<div class=\"swiper-slide\" role=\"group\" aria-roledescription=\"slide\">\n\t\t\t\t\t\t\t\t\t<div class=\"elementor-carousel-image\" role=\"img\" aria-label=\"Image00018\" style=\"background-image: url(&#039;https:\/\/losapostoles.org\/wp-content\/uploads\/2021\/01\/Image00018-768x576.jpg&#039;)\">\n\n\t\t\t\n\t\t\t\t\t<\/div>\n\t\t\t\t\t\t\t\t<\/div>\n\t\t\t\t\t\t\t\t\t\t\t<div class=\"swiper-slide\" role=\"group\" aria-roledescription=\"slide\">\n\t\t\t\t\t\t\t\t\t<div class=\"elementor-carousel-image\" role=\"img\" aria-label=\"Image00014\" style=\"background-image: url(&#039;https:\/\/losapostoles.org\/wp-content\/uploads\/2021\/01\/Image00014-768x432.jpg&#039;)\">\n\n\t\t\t\n\t\t\t\t\t<\/div>\n\t\t\t\t\t\t\t\t<\/div>\n\t\t\t\t\t\t\t\t\t\t\t<div class=\"swiper-slide\" role=\"group\" aria-roledescription=\"slide\">\n\t\t\t\t\t\t\t\t\t<div class=\"elementor-carousel-image\" role=\"img\" aria-label=\"Image00009\" style=\"background-image: url(&#039;https:\/\/losapostoles.org\/wp-content\/uploads\/2021\/01\/Image00009-768x576.jpg&#039;)\">\n\n\t\t\t\n\t\t\t\t\t<\/div>\n\t\t\t\t\t\t\t\t<\/div>\n\t\t\t\t\t\t\t\t\t\t\t<div class=\"swiper-slide\" role=\"group\" aria-roledescription=\"slide\">\n\t\t\t\t\t\t\t\t\t<div class=\"elementor-carousel-image\" role=\"img\" aria-label=\"Image00007\" style=\"background-image: url(&#039;https:\/\/losapostoles.org\/wp-content\/uploads\/2021\/01\/Image00007-768x576.jpg&#039;)\">\n\n\t\t\t\n\t\t\t\t\t<\/div>\n\t\t\t\t\t\t\t\t<\/div>\n\t\t\t\t\t\t\t\t\t<\/div>\n\t\t\t\t\t\t\t\t\t\t\t\t\t\t\t<div class=\"elementor-swiper-button elementor-swiper-button-prev\" role=\"button\" tabindex=\"0\" aria-label=\"Previous\">\n\t\t\t\t\t\t\t<i aria-hidden=\"true\" class=\"eicon-chevron-left\"><\/i>\t\t\t\t\t\t<\/div>\n\t\t\t\t\t\t<div class=\"elementor-swiper-button elementor-swiper-button-next\" role=\"button\" tabindex=\"0\" aria-label=\"Next\">\n\t\t\t\t\t\t\t<i aria-hidden=\"true\" class=\"eicon-chevron-right\"><\/i>\t\t\t\t\t\t<\/div>\n\t\t\t\t\t\t\t\t\t\t\t\t\t\t\t\t<div class=\"swiper-pagination\"><\/div>\n\t\t\t\t\t\t\t\t\t\t\t\t<\/div>\n\t\t\t\t<\/div>\n\t\t\t\t\t\t\t\t<\/div>\n\t\t\t\t<\/div>\n\t\t\t\t\t<\/div>\n\t\t<\/div>\n\t\t\t\t\t<\/div>\n\t\t<\/section>\n\t\t\t\t<section class=\"elementor-section elementor-top-section elementor-element elementor-element-f6832fe elementor-section-boxed elementor-section-height-default elementor-section-height-default\" data-id=\"f6832fe\" data-element_type=\"section\" data-e-type=\"section\">\n\t\t\t\t\t\t<div class=\"elementor-container elementor-column-gap-default\">\n\t\t\t\t\t<div class=\"elementor-column elementor-col-100 elementor-top-column elementor-element elementor-element-64203d3\" data-id=\"64203d3\" data-element_type=\"column\" data-e-type=\"column\">\n\t\t\t<div class=\"elementor-widget-wrap elementor-element-populated\">\n\t\t\t\t\t\t<div class=\"elementor-element elementor-element-2b34b06 elementor-widget-divider--view-line elementor-widget elementor-widget-divider\" data-id=\"2b34b06\" data-element_type=\"widget\" data-e-type=\"widget\" data-widget_type=\"divider.default\">\n\t\t\t\t<div class=\"elementor-widget-container\">\n\t\t\t\t\t\t\t<div class=\"elementor-divider\">\n\t\t\t<span class=\"elementor-divider-separator\">\n\t\t\t\t\t\t<\/span>\n\t\t<\/div>\n\t\t\t\t\t\t<\/div>\n\t\t\t\t<\/div>\n\t\t\t\t<div class=\"elementor-element elementor-element-0445972 elementor-widget elementor-widget-text-editor\" data-id=\"0445972\" data-element_type=\"widget\" data-e-type=\"widget\" data-widget_type=\"text-editor.default\">\n\t\t\t\t<div class=\"elementor-widget-container\">\n\t\t\t\t\t\t\t\t\t<p><strong>VIERNES SANTO\u2026<\/strong> Quedamos muy de temprano los doce elegidos para representar a los Ap\u00f3stoles en Procesi\u00f3n del Viernes por la ma\u00f1ana\u2026. Abrazos de \u201cBuenos D\u00edas\u201d, caf\u00e9 con leche, rebanas con \u201cAgua y Sal\u201d y copita de Machaquito fuerte, fuerte o para los m\u00e1s endebles \u201cen Palomita\u201d y para otros m\u00e1s exigentes \u201chuevos fritos con at\u00fan\u201d\u2026 un buen desayuno al que recuerdo se apuntaba en los a\u00f1os sesenta Antonio Fern\u00e1ndez D\u00edaz \u201cFosforito\u201d y en mi caso particular invitaba a \u201cNicol\u00e1s\u201d Rejano Chaparro despu\u00e9s de la Diana.<\/p><p>\u2026 nos incorpor\u00e1bamos a la Procesi\u00f3n para \u201cLas reverencias\u201d en Santa Catalina de los primeros, siempre en noble disputa \u201cdel sitio\u201d con \u201cLos Jetones\u201d, \u201cLos Ataos\u201d y \u201cEl juicio de Salom\u00f3n\u201d\u2026 una vez cumplidas \u201cLas Reverencias\u201d a Nuestro Padre Jes\u00fas Nazareno hac\u00edamos tiempo hasta nuestra incorporaci\u00f3n definitiva en este recorrido en casa de \u201cManolo Mu\u00f1oz- Santos-\u201d, de \u201cMiguel Solano\u201d, de Jos\u00e9 Merino\u201d y muchos a\u00f1os en la de Manolo GIL \u201cMachuca\u201d y ya recientemente en la de \u201cAlfonso Cruz\u201d\u2026<\/p><p>\u2026 hasta la segunda incorporaci\u00f3n en la calle La Plaza (hoy en calle Ancha) hac\u00edamos tiempo en las casas de \u201cJoaqu\u00edn Morales\u201d, \u201cCinema Espa\u00f1a\u201d, \u201cPepe Rivas\u201d, Los Frailes\u201d\u2026, en esta espera llegaba el \u201cBacalao\u201d un refrigerio de \u201cTente en Pi\u00e9\u201d que a algunos les parec\u00eda a poco\u2026, en estos a\u00f1os el desfile de Figuras B\u00edblicas en la calle Don Gonzalo era el \u201cDesfile Cumbre\u201d y hubo a\u00f1os que se eternizaba en el tiempo hasta m\u00e1s de dos horas hasta llegar a \u201cMiraGenil\u201d y vuelta hasta el \u201cPaseo de La Alianza\u201d donde se resguardaba (en una caseta o pabell\u00f3n port\u00e1til al efecto) Jes\u00fas hasta la Procesi\u00f3n de la tarde sobre las 4:30 h\u2026 Desde hace muchos a\u00f1os Jes\u00fas queda en \u201cMiragenil\u201d al lado de la \u201cIglesia de Santiago\u201d.<\/p><p>\u2026. De vuelta al Cuartel aseos y asistencia a la Junta de \u201cSorteos de Martirios\u201d para la Procesi\u00f3n de la tarde, y comida de Ayuno y Abstinencia, lo que algunos, muchos no la respetan al pi\u00e9 de la letra. \u2026 por la tarde nos incorpor\u00e1bamos al principio de la calle Aguilar y Los Ap\u00f3stoles esperaban a Jes\u00fas \u201cSan Pedro de cara a la Cuesta Baena, a la par con la escalinata principal de la Iglesia de La I. Concepci\u00f3n, viendo subir Al Maestro hasta su paso y seguirlo hasta su Ermita hacer \u201cLas Reverencias\u201d y Tocar La Campana y pedirle \u201c\u00a1Amp\u00e1ranos y hasta el a\u00f1o que viene!\u201d.<\/p><p>\u2026 Viernes Santo Noche merecer\u00eda una Reflexi\u00f3n o Varias (ciento de ellas por cada Ap\u00f3stol) de la cantidad de vivencias y an\u00e9cdotas que contar y mis Titulares personales que expreso ser\u00edan mi debut de \u201cMuerte\u201d quiz\u00e1s en 1968 con L.F.Carvajal de \u201cDemonio\u201d ya me cost\u00f3 una multa de 5.000.- ptas. (sueldo base era 27.-pts d\u00eda), vamos \u201cla primera expulsi\u00f3n\u201d \u2026 llegu\u00e9 a vestir estas figuras durante 22 veces de \u201cMuerte\u201d y unas cuantas m\u00e1s de \u201cDemonio\u201d\u2026 el Cartel de la Semana\u00a0 Santa de 1975 es una pintura sacada de una Foto m\u00eda del a\u00f1o 1968 que entregu\u00e9 al autor \u201cDe La C\u00e1mara Romero\u201d, Yo voy de Demonio y de Muerte Alfonso Estrada.<\/p><p>\u2026 desde 1969 hasta 1977 que se da de baja Paco Leiva somos pareja de \u201cDemonio y Muerte\u201d (despu\u00e9s siempre fue A.Cejudo), ese a\u00f1o 1977 se sortearon las figuras y nos toc\u00f3, y se implant\u00f3 multa de 5.000.- ptas. c\/u. si no se vest\u00edan los agraciados en el sorteo. Ese Viernes Santo desaparece Paco, me deja plantado, y se tuvieron que vestir la otra pareja que entr\u00f3 en sorteo \u201cJes\u00fas Chac\u00f3n con \u00bf?\u201d y a mi 5.000.- del ala de multa \u201ccasi segunda expulsi\u00f3n\u201d.<\/p><p>\u2026 LOS ENCIERROS del \u201cDulce Nombre en esos a\u00f1os fueron casi todos \u201cMaravillosos\u201d en cuanto a sentir \u201cManantero\u201d, \u201camor fraterno\u201d y otras maravillas del \u201cSentir Pontano\u201d <\/p><p style=\"text-align: right;\"><strong>ragarcha <\/strong><br \/><strong>8enero2021<\/strong><\/p>\t\t\t\t\t\t\t\t<\/div>\n\t\t\t\t<\/div>\n\t\t\t\t\t<\/div>\n\t\t<\/div>\n\t\t\t\t\t<\/div>\n\t\t<\/section>\n\t\t\t\t<\/div>\n\t\t","protected":false},"excerpt":{"rendered":"<p>Viernes Santo &#8211; Los Ap\u00f3stoles desfilan tras el Maestro Previous Next VIERNES SANTO\u2026 Quedamos muy de temprano los doce elegidos para representar a los Ap\u00f3stoles en Procesi\u00f3n del Viernes por la ma\u00f1ana\u2026. Abrazos de \u201cBuenos D\u00edas\u201d, caf\u00e9 con leche, rebanas con \u201cAgua y Sal\u201d y copita de Machaquito fuerte, fuerte o para los m\u00e1s endebles [&hellip;]<\/p>\n","protected":false},"author":1,"featured_media":0,"parent":30,"menu_order":0,"comment_status":"closed","ping_status":"closed","template":"","meta":{"site-sidebar-layout":"no-sidebar","site-content-layout":"page-builder","ast-site-content-layout":"","site-content-style":"default","site-sidebar-style":"default","ast-global-header-display":"","ast-banner-title-visibility":"","ast-main-header-display":"","ast-hfb-above-header-display":"","ast-hfb-below-header-display":"","ast-hfb-mobile-header-display":"","site-post-title":"disabled","ast-breadcrumbs-content":"","ast-featured-img":"disabled","footer-sml-layout":"","theme-transparent-header-meta":"default","adv-header-id-meta":"","stick-header-meta":"","header-above-stick-meta":"","header-main-stick-meta":"","header-below-stick-meta":"","astra-migrate-meta-layouts":"default","ast-page-background-enabled":"default","ast-page-background-meta":{"desktop":{"background-color":"","background-image":"","background-repeat":"repeat","background-position":"center center","background-size":"auto","background-attachment":"scroll","background-type":"","background-media":"","overlay-type":"","overlay-color":"","overlay-opacity":"","overlay-gradient":""},"tablet":{"background-color":"","background-image":"","background-repeat":"repeat","background-position":"center center","background-size":"auto","background-attachment":"scroll","background-type":"","background-media":"","overlay-type":"","overlay-color":"","overlay-opacity":"","overlay-gradient":""},"mobile":{"background-color":"","background-image":"","background-repeat":"repeat","background-position":"center center","background-size":"auto","background-attachment":"scroll","background-type":"","background-media":"","overlay-type":"","overlay-color":"","overlay-opacity":"","overlay-gradient":""}},"ast-content-background-meta":{"desktop":{"background-color":"var(--ast-global-color-5)","background-image":"","background-repeat":"repeat","background-position":"center center","background-size":"auto","background-attachment":"scroll","background-type":"","background-media":"","overlay-type":"","overlay-color":"","overlay-opacity":"","overlay-gradient":""},"tablet":{"background-color":"var(--ast-global-color-5)","background-image":"","background-repeat":"repeat","background-position":"center center","background-size":"auto","background-attachment":"scroll","background-type":"","background-media":"","overlay-type":"","overlay-color":"","overlay-opacity":"","overlay-gradient":""},"mobile":{"background-color":"var(--ast-global-color-5)","background-image":"","background-repeat":"repeat","background-position":"center center","background-size":"auto","background-attachment":"scroll","background-type":"","background-media":"","overlay-type":"","overlay-color":"","overlay-opacity":"","overlay-gradient":""}},"footnotes":""},"wf_page_folders":[],"class_list":["post-1295","page","type-page","status-publish","hentry"],"jetpack_sharing_enabled":true,"_links":{"self":[{"href":"https:\/\/losapostoles.org\/index.php\/wp-json\/wp\/v2\/pages\/1295","targetHints":{"allow":["GET"]}}],"collection":[{"href":"https:\/\/losapostoles.org\/index.php\/wp-json\/wp\/v2\/pages"}],"about":[{"href":"https:\/\/losapostoles.org\/index.php\/wp-json\/wp\/v2\/types\/page"}],"author":[{"embeddable":true,"href":"https:\/\/losapostoles.org\/index.php\/wp-json\/wp\/v2\/users\/1"}],"replies":[{"embeddable":true,"href":"https:\/\/losapostoles.org\/index.php\/wp-json\/wp\/v2\/comments?post=1295"}],"version-history":[{"count":4,"href":"https:\/\/losapostoles.org\/index.php\/wp-json\/wp\/v2\/pages\/1295\/revisions"}],"predecessor-version":[{"id":1317,"href":"https:\/\/losapostoles.org\/index.php\/wp-json\/wp\/v2\/pages\/1295\/revisions\/1317"}],"up":[{"embeddable":true,"href":"https:\/\/losapostoles.org\/index.php\/wp-json\/wp\/v2\/pages\/30"}],"wp:attachment":[{"href":"https:\/\/losapostoles.org\/index.php\/wp-json\/wp\/v2\/media?parent=1295"}],"wp:term":[{"taxonomy":"wf_page_folders","embeddable":true,"href":"https:\/\/losapostoles.org\/index.php\/wp-json\/wp\/v2\/wf_page_folders?post=1295"}],"curies":[{"name":"wp","href":"https:\/\/api.w.org\/{rel}","templated":true}]}}